 j(k) = -k**3 + 14*k**2 - 23*k - 5. Let b be j(8). Calculate the greatest common divisor of b and o.
65
Suppose 2*j + 3*l + 23 = 0, 2*l = 5*j - 15 + 44. Let t = j - -18. Let z = -18427 + 18548. What is the highest common divisor of z and t?
11
Suppose -151 = -34*w + 19. Suppose w*y + 27*y = 2944. Calculate the highest common divisor of y and 322.
46
Let t be 2/(-2 + -3 + 3). Let g be t/(-5) + (-7 - (-3073)/35). Let l be ((-6)/(-4))/(1/6). What is the highest common divisor of l and g?
9
Suppose -2*i + 10 = -4*i, 0 = -3*a - 2*i + 23. Suppose -3516 = -a*y + 1764. Calculate the highest common factor of 15 and y.
15
Suppose 0*c + 2*b = 5*c + 5857, 2*c + 4*b + 2362 = 0. Let p be (-4)/3*c/46. Calculate the greatest common divisor of 17 and p.
17
Suppose 0 = 15*p + 6*p - 1848. Let f = 130 - p. Calculate the highest common factor of 126 and f.
42
Let b = -635 - -2475. Calculate the highest common factor of b and 8.
8
Let r(x) = -x**2 + 3*x + 32. Let t be r(13). Let c = 111 + t. What is the greatest common factor of 13 and c?
13
Let a be ((-8)/16 + 3)*2. Suppose 5*j - 60 = -5*w, -w + a*j - 15 = 3. Calculate the highest common divisor of w and 98.
7
Let t be 2/5 + (-207)/(-45). Let q be ((-196)/8 + t/(-10))/(-1). What is the highest common divisor of 20 and q?
5
Let z = 97 + -273. Let i = -133 - z. Calculate the highest common factor of i and 172.
43
Let p = -55 + 193. Suppose 0 = -10*g + 7*g + p. What is the highest common divisor of 2 and g?
2
Let c be 160 + (-2 - 0) + 2. Let x = 387 - 323. Calculate the highest common divisor of c and x.
32
Suppose -4*m - 2378 + 2262 = -3*z, -5*z - m + 86 = 0. Suppose 2*p - p - 346 = -2*o, 0 = 3*p + 3*o - 1029. Calculate the greatest common divisor of p and z.
20
Let a be ((-4)/10)/((-3088778)/(-343200) - 9). Calculate the greatest common factor of 13 and a.
13
Let m be (-11 - -14) + 0 + -1. Suppose -7*s + 315 = -m*s. Let j = 67 - s. Calculate the greatest common divisor of 12 and j.
4
Let s be ((-3024)/(-105) - 29)*(-130)/2. Let r be (-1)/2 - 495/(-2). What is the highest common factor of s and r?
13
Let i = 645 + -46. Let x(j) = -j**2 + 193. Let l be x(0). Suppose -l = -3*m + i. Calculate the highest common factor of 24 and m.
24
Suppose 15*v = -1458 + 3050 + 1873. Calculate the highest common factor of v and 210.
21
Let i(g) = 33*g**3 - g**2 + 4*g. Let x be i(1). What is the highest common factor of 528 and x?
12
Let z be ((-2173)/(-164))/((-2)/(-48)). Let c = 11 + -7. Suppose 4*f - 2*f - c*w = z, w - 463 = -3*f. Calculate the greatest common factor of 31 and f.
31
Let n = 1792 + -1719. What is the highest common divisor of 11899 and n?
73
Suppose 22*s - h + 4330 = 27*s, -2598 = -3*s - 3*h. Let v = 1013 - s. Calculate the greatest common divisor of 189 and v.
21
Let l = 4913 - 4866. Let p be (-5 + 44/8)/((-3)/(-12)). Calculate the highest common factor of p and l.
1
Suppose 16 = 9*i - 20. Suppose -i*o + 2*z = 3*z - 1409, -708 = -2*o - 4*z. Calculate the greatest common divisor of 44 and o.
44
Suppose 2*b - 5381 = -3*u, -2*u = -54*b + 59*b - 13469. What is the greatest common divisor of b and 33?
11
Suppose -7201*g + 7193*g = -408. What is the greatest common factor of 6936 and g?
51
Suppose -13*r + 210 = -15*r. Let b = r - -127. Suppose f = 5*d - 161, 3*f = -4*d + d + 111. Calculate the highest common factor of d and b.
11
Let s be ((-496)/31)/((-9)/801). What is the highest common divisor of s and 267?
89
Suppose -8*l - 3*l + 5040 = -l. Calculate the greatest common divisor of 280 and l.
56
Let n(q) = 253*q - 351. Let t be n(3). Calculate the greatest common factor of 4182 and t.
102
Let o(u) = 6*u - 20. Let p be o(4). Let y be (p/(-6) - -1)*(2 + 10). Let k be (-110)/(-1)*(-22)/(-55). Calculate the highest common divisor of y and k.
4
Let b = 91 + 424. Calculate the greatest common factor of 20 and b.
5
Let z = -183 + 110. Let l = z - -113. Let r = -3 - -8. What is the greatest common divisor of r and l?
5
Suppose -4*q = -10*s + 15*s - 88072, 3*q - 17610 = -s. What is the greatest common factor of s and 24?
24
Let l(c) = -1167*c**3 + c**2 - 45*c - 94. Let p be l(-2). Calculate the highest common divisor of 24 and p.
24
Let c be (16/(-3))/(10/(-135)). Suppose -3*o + 918 = 843. Suppose 40*f = o*f + 360. What is the greatest common divisor of c and f?
24
Suppose -12*u = -16*u + 132. Let o be 36*(6 + u/(-6)). Let l = -77 + 122. What is the highest common divisor of o and l?
9
Suppose 2*n - 67760 = -86*n. What is the greatest common divisor of n and 693?
77
Suppose -3444*r + 3408*r = -165024. Calculate the highest common divisor of 40 and r.
8
Suppose 0 = 2*i - 7*d + 4*d + 5058, -5*i - 12695 = 5*d. Let a be i/(-45) - (-2)/3. What is the highest common factor of a and 627?
57
Suppose -15*l + 4 = -11*l. Let h be (10*3/6)/l. Suppose p - s + h*s - 34 = 0, 4*p = 4*s + 116. Calculate the greatest common divisor of p and 12.
6
Let c(q) = -3*q**3 + 71*q**2 - 34*q - 18. Let j be c(23). What is the greatest common divisor of 6 and j?
6
Suppose 11*p = -22*p + 1089. Suppose 10764 = 13*u + p*u. Calculate the highest common factor of 54 and u.
18
Let a = 28212 - 21216. What is the highest common divisor of 265 and a?
53
Let g be (-35 + 17)*(-57)/6. Calculate the highest common divisor of 36 and g.
9
Let v = 37 - 15. Suppose -407*g + 1228*g - 18062 = 0. What is the greatest common factor of g and v?
22
Let j be (1 - -3)*2/2. Let c be (0 + -17)*(-6 + j). Suppose -3*f - 698 = -4*z + 535, -z = -3*f - 315. What is the highest common divisor of z and c?
34
Let h be (-48)/(-26) - 36/(-234). Suppose 0*n = -h*n - 2*q + 1054, q = -2*n + 1054. Calculate the greatest common factor of n and 17.
17
Let f(p) = 44*p**2 - 3*p - 1. Let n(d) = d**2 + 7*d - 31. Let i be n(-10). Let v be f(i). Calculate the greatest common divisor of 345 and v.
23
Let c be (-4)/(-14) + 10412/14. Suppose -252 - 1344 = 460*m - 593*m. What is the highest common divisor of c and m?
12
Let t be 83/((7 - 13)/(-6)). Let n = 215 - t. What is the greatest common factor of 96 and n?
12
Let n(r) = -64*r - 1. Let z be n(-1). Let d be (0 + 3/(-9))/(55/(-1155)) + 2. What is the greatest common divisor of z and d?
9
Let j = 686 + -668. Suppose -j*y + 0*y = -252. Calculate the highest common divisor of y and 35.
7
Let i = 74 + -42. Let s(l) = 7*l**2 + 1054*l + 7219. Let r be s(-7). Calculate the highest common divisor of r and i.
8
Suppose 67 = 3*c + 7. Let z(x) = 19*x**2 + 2*x + 8. Suppose 4*l = 16*l + 24. Let p be z(l). What is the greatest common factor of c and p?
20
Let t be -11 + 69 - (-2)/((-2)/3). Suppose -2*j + 5*v = -35, 4*j - 4*v - t = v. What is the greatest common divisor of j and 30?
10
Let j(c) = 174*c - 427. Let k be j(3). Calculate the greatest common factor of 2945 and k.
95
Let m = -1072 + 1318. Calculate the greatest common divisor of m and 78.
6
Let f be (-16)/20 + (-608)/(-160). What is the highest common divisor of f and 201?
3
Let l(x) = 125*x + 11*x**2 + 4 - 64*x - x**3 - 49*x. Let b be l(12). Suppose 0 = 4*w + b*w - 216. What is the highest common divisor of w and 45?
9
Let z(s) = s**3 - 9*s**2 + 62*s - 575. Let x be z(10). What is the greatest common divisor of 290 and x?
145
Let x = 2459 - 1405. What is the highest common factor of 68 and x?
34
Let l be 2*3/(-4) + (-2185)/10. Let z = l + 228. Calculate the greatest common divisor of 136 and z.
8
Suppose 0 = -23*q + 22*q + 24. Suppose -22*w + 42 = -q. What is the greatest common divisor of w and 48?
3
Let f = -11 - -20. Suppose -4*o + 598 = -52*c + 54*c, -o + 146 = c. Calculate the highest common factor of f and o.
9
Suppose 0 = 2*b - 1224*v + 1228*v - 11864, 3*v + 6 = 0. Calculate the highest common divisor of 168 and b.
56
Let o = -3804 - -3903. Calculate the highest common factor of 18 and o.
9
Let z be 5784/(-20) + 12/(-15). Let c = 60 - z. Calculate the greatest common factor of c and 200.
50
Suppose -5*l = -17 - 28. Let j = l + 8. Suppose 0 = -14*z + j*z - 12. What is the greatest common divisor of z and 36?
4
Let s(n) = -n**2 + 11*n - 14. Let f be s(7). Suppose 0 = t - 95 + f. Let z be 18*3*(-2)/(-4). Calculate the greatest common divisor of t and z.
27
Let n(a) = -36 + 4*a + 4*a + 32. Let u be n(1). Suppose -5*h = -u*v - 7 + 97, -h - 62 = -3*v. Calculate the greatest common factor of v and 10.
1